 15) + -34 + 23 - -5.
-18
What is the value of (38 - 24) + (-7 - (17 + 2))?
-12
Calculate 0 + 17 - (1 + -3) - (-13 - -19).
13
What is the value of -7 - (-1 - (-14 + 30))?
10
-2 + (-12 + 9 - -4) + 18 + 1
18
Calculate (-35 - -35) + 2 + (0 - 5).
-3
Evaluate (8 + -7 - -12) + -6 + (10 - 39).
-22
What is (4 - 0) + (-7 - (67 + -88))?
18
Evaluate 3 + (-5 - -9) - (-1 + -7).
15
What is -8 + (-1 - -16) - (0 - 6)?
13
Calculate 0 + -13 + (0 - -23 - 14).
-4
Evaluate 8 + -8 + 14 + -28 + -8.
-22
Evaluate 46 - 56 - (9 - 15).
-4
-46 + 24 + 22 - (-8 - -1) - 24
-17
Evaluate (168 - 167) + 1 + 2.
4
Calculate 7 - (3 - (1 + 0 + 37 + -41)).
1
What is (0 - -20 - 7) + (-46 - -17)?
-16
What is the value of 7 + (-5 - (-5 + -5))?
12
What is the value of 0 + -16 + 32 + -31 + 8?
-7
-3 + (3 - (-2 + 12) - -9) - 7
-8
Evaluate 10 - (-1 + 4) - (241 + -245).
11
-9 - (9 - (-10 + 22) - 0)
-6
Calculate (-75 - (-31 + -29)) + 42 + 0.
27
What is 5 + (-3 + 0 + 5 - 3)?
4
What is the value of 1 + 4 + (85 - 161) + 71?
0
Evaluate (-2 - 10) + 8 - 3 - -10 - 34.
-31
Evaluate -1 - (-8 + (-1 - 1 - (-16 + 11))).
4
What is 5 - (4 + (-21 - -12)) - (9 + -4)?
5
Calculate (-14 + 42 - 18) + -16.
-6
Evaluate (-1559 - -1485) + (40 - 1).
-35
What is (-5 - (2 - -6)) + 9 + 1 + -4?
-7
What is the value of 1 - (-2 + (2 - (3 + 1)))?
5
Calculate (-1 - -11 - 8) + 3 + -3 - 7.
-5
What is the value of 188 - 192 - (2 - 19)?
13
Calculate 12 - (2 - -9) - (16 + -6).
-9
489 + -504 + (1 - -30)
16
Calculate 14 - ((-2 - (-21 + 12)) + 15).
-8
Calculate (5 - (-3 - -5)) + 88 + -79 - 0.
12
Evaluate -19 + (11 - (0 - -1)) - 2.
-11
What is 18 + 1 - (22 + (-9 - -7) + -14)?
13
What is the value of (-20 - (30 + -14)) + -3 + 16?
-23
What is -6 + 9 + (15 - 0)?
18
What is (-19 - 0) + (18 - ((-6 - -21) + 1))?
-17
What is 17 + -16 + -5 + (1 - 2 - -1)?
-4
What is the value of (-28 - -35 - (7 - 7)) + 8?
15
Calculate (-15 + -4 - -10) + 22 - 19.
-6
Calculate 1 - (-16 + (0 - 1)) - (463 - 465).
20
32 + (-13 + 0 + 11 - 12)
18
What is -257 + 243 + (7 - -1)?
-6
Evaluate 4 + -7 - (4 + -1 - 9 - 2).
5
What is (20 + 2 - (-17 - -34)) + (17 - 1)?
21
Evaluate (8 - 29) + 38 - (9 - 1) - -9.
18
-36 + 28 - (-1 + -4) - 16
-19
-5 - -1 - (-4 - 7 - 1 - -35)
-27
What is (9 - (-15 + 14) - 11) + 0?
-1
What is -4 + -8 + 10 + 4 + -12?
-10
What is the value of -14 - (-6 + (-6 - -15 - 8))?
-9
Evaluate -9 + 1 + -9 + 16 + (-2 - 5).
-8
Evaluate -34 - (13 - (20 + 18)).
-9
Evaluate -4 + 6 + (68 + -62 - (1 + 1)).
6
What is the value of -21 - (-5 - (-9 + 12 - -1))?
-12
Calculate (-1 - (1 + 13) - (-27 + 20)) + -17.
-25
Evaluate 5 - 32 - (-135 - -104).
4
(62 - 66) + (0 - 5) + 1 + 0
-8
Evaluate 2 - 11 - (-10 - (-2 + 5)).
4
What is the value of (-6 - -25) + 22 + -58?
-17
Evaluate -2 + 2 + 1 + (3 - 14 - -3).
-7
(-8 - 1) + (2 + -18 - -14)
-11
Calculate 0 + -4 - (-16 - -23 - 6 - -1).
-6
What is 4 + 0 + -31 + 16 - -9?
-2
What is -9 + (-20 - 8) + 51?
14
Calculate -15 + 23 + (-11 - -7).
4
What is -6 - (0 + -20 + 23 + -3)?
-6
Calculate 13 + -4 + 1 - 7.
3
What is -14 + (5 - 8 - (-1 + -5) - 5)?
-16
What is the value of -3 - (12 + -7 - -5)?
-13
What is the value of 3 + (1 - 1) + -4 + -2 + 14?
11
What is the value of -2 + 0 + (4 - 3) - 10?
-11
Calculate -15 - 5 - (-46 - -57).
-31
What is (-2 - -1) + (-20 - (-14 + -6)) + -14?
-15
What is -9 + -13 + 42 - -9?
29
What is the value of (4 + -1 - -34) + -24?
13
What is -7 + 8 - -4 - 3 - (16 + -9)?
-5
Calculate 21 + (-68 - -42) + -8.
-13
What is the value of 17 + -22 + 10 + 3 - (-8 + 3)?
13
-14 - 18 - -70 - 38
0
Calculate (18 - (-14 - -14)) + (-8 - -4).
14
What is 30 - (5 + 1 + (2 - 13))?
35
Evaluate -1 + (-4 - (-4 + 8 - 11)).
2
Calculate -28 + 11 - (-1 + -8) - 3.
-11
Evaluate -13 + (5 - (3 + 5)) + 8.
-8
Evaluate (-2 - (2 - (2 + -4))) + 37 + -22.
9
Evaluate (1 + 5 - -5) + -7.
4
Evaluate -12 + -41 + 5 - -31.
-17
What is the value of 15 - (-13 - -22 - (-4 + 10))?
12
5 - 0 - (25 + (-14 - (6 - 14)))
-14
Calculate 14 + (-12 - (10 - 1 - 17)).
10
Evaluate 37 + -5 + -25 - (-2 + -15).
24
5 + 2 + (-3 - 4) + 1 + -7
-6
What is the value of 13 + (-4 - (-7 + 4 + -1))?
13
What is the value of -9 - (11 + 6 + -27)?
1
(2 - 11) + 10 + (-20 - 0 - -1)
-18
Calculate 6 - (-33 + 45 + 13).
-19
Evaluate (13 - -17) + -9 + 0.
21
Calculate 25 + 3 - 53 - -60.
35
(-7 - (2 - 0)) + 45 + -20 + 1
17
(8 - 1) + -7 + 10 + -11 + -2
-3
11 - (0 + 3 + -5 + 7)
6
Evaluate (9 - -1) + (46 - 56) + 1 + 2.
3
What is -108 + 84 - (-4 + 3 + -2 + 3)?
-24
What is the value of -1 + (144 + -148 - ((3 - -1) + 0))?
-9
What is the value of 19 - (-20 - (2 - 22))?
19
Calculate 2 + -1 - (255 - 269).
15
Calculate 9 + -17 + 26 - 10 - 2.
6
What is 15 + -13 + -20 + 3?
-15
8 - -9 - (0 - -25)
-8
Evaluate -6 - (-10 - 5) - (0 + 22).
-13
3 + 21 + -17 - -15
22
What is 3 + -1 + -8 + 23 - 7?
10
What is the value of -2 + (-6 - -10) + -12?
-10
What is the value of 8 - (-7 + 12) - (5 - -2)?
-4
What is (6 + -5 - -13) + -8 + (1 - 26)?
-19
11 + (3 - (11 + 7 + -11)) + 1
8
Calculate (5 + -12 - -7) + 2 - (4 - -18).
-20
Evaluate 10 - (8 - (6 - 7)).
1
Evaluate 7 - (-16 - -20 - (15 + (-2 - 3))).
13
What is the value of (17 - (2 + -4 + 16)) + -35?
-32
(0 + 4 - -1 - 1) + (-8 - -4)
0
13 + (2 + -2 - (-9 + 2 - -6))
14
Evaluate (-5 - 0) + (360 - 350).
5
Evaluate 7 - 2 - (-32 + 37).
0
What is -44 + 33 - (-14 - 1)?
4
Calculate (12 + -5 - 18) + 4 + 0 + -7.
-14
Evaluate 15 + (3 - 23) + 21.
16
Calculate 15 - (-4 + (16 + -7 - -5)).
5
Calculate 17 - ((15 - 9) + 9).
2
What is (81 - 5) + -9 + -42?
25
What is the value of 133 - 125 - (1 - -5 - 1)?
3
What is the value of -13 + -18 + 11 + 8 + -10?
-22
Evaluate (4 + 7 - 15 - -10) + -1 - -15.
20
What is -12 + (8 - (5 + -4 - -14)) + 12?
-7
What is the value of 4 + -84 + 86 - ((-2 - 1) + 0)?
9
Calculate (17 - (12 + -3)) + -8 + 16.
16
-204 + 237 + -12 + 0
21
(2 - -20) + 10 + -39
-7
Evaluate (4 + -3 - (-22 + 34)) + 24.
13
Evaluate -25 + (-12 - -26) - -16.
5
-2 + 32 + -41 + 17
6
Calculate 0 - (-4 + 10 + 12 + -7).
-11
Calculate -7 + (0 - -8) + -1.
0
18 + (-16 - -19) - 14
7
Calculate 23 + -6 - ((9 - 2) + -3 + 3).
10
Evaluate (60 - -1) + -36 + (2 - 6).
21
What is the value of (-122 - -132) + (2 - 2)?
10
What is the value of -5 + (-18 - -9) + 5 + -4?
-13
What is (-6 - 4 - -11) + -1 - (4 + 0)?
-4
Evaluate (-9 - 14 - -23) + 2 + 5.
7
(16 - (44 + -19)) + 37
28
What is the value of (-33 + 13 - -33) + 2?
15
What is the value of 20 - (19 + (16 - -9))?
-24
(-1 - -6) + 304 + -312 + 1 + 1
-1
What is the value of 22 - (16 - 6 - (-11 + 9))?
10
What is 38 + -25 - (-1 - 3)?
17
-6 + (10 - (-15 - -16))
3
-2 + (-7 - 3) + 26
14
What is (-6 - 11 - -2 - -15) + (22 - 0)?
22
What is the value of -22 + 19 - 14 - -39?
22
What is -29 - (30 - (59 + 4))?
4
1 + -5 + -473 + 486
9
(-31 + 13 + -1 + 9 - 11) + 8
-13
What is the value of -41 - (-19 - (-46 + 46))?
-22
134 - 91 - (37 + 13)
-7
-2 + -15 - (-117 - -91)
9
What is the value of 7 + (2 - (3 + -11) - 2) - 0?
15
Calculate -13 + (14 - (9 - 5)) + -3.
-6
41 + -33 + 10 + -3 + -1
14
12 + (4 + -1 + (31 - 32) - 3)
11
What is the value of -4 + (-12 - 21) + 9 - -10?
-18
What is the value of -25 + (18 - 1) + -2?
-10
Evaluate (-7 - (-16 + 16)) + 18.
11
Calculate -52 + (1 - -3) - -22.
-26
What is -77 + 72 + 0 + -2 + 5 - 12?
-14
14 - (5 + 0 + -5) - 8
6
Evaluate 5 - (-3 - ((4 - 4) + 5 - 13)).
0
-19 - (-4 + -3 + -7)
-5
-22 + 40 + -22 + 37
33
What is (-11 - -15 - -14) + (11 - 0)?
29
Calculate 6 + (-2 - 6 - -4) + (0 - -4).
6
Calculate (-3 - 10) + -42 + 33 + 3.
-19
Calculate -30 + (-3 - -13 - (-42 + 40)).
-18
Calculate (0 + -3 - 6 - (-7 + 4)) + -7.
-13
What is (6 - -3) + -3 - ((-17 - -7) + 5)?
11
Evaluate (33 - 19) + 3 - 20.
-3
Evaluate (1 - (5 + 4)) + 14 - 1.
5
Calculate 6 + 7 - 14 - 9.
-10
Evaluate -12 - 1 - (153 - 171).
5
Calculate (23 - 22 - (-8 - -8)) + -8.
-7
(26 - (73 - 75)) + 1 + -21
8
What is (4 - (10 + 9)) + 7?
-8
Evaluate -7 + -2 - (-1 + -6 - (-6 - 10)).
-18
5 + -4 + -1 + 8 - (-3 - -3)
8
Calculate 6 + 0 - (3 - (-2 - 10)).
-9
Calculate 1 + 0 + 12 + -22.
-9
Evaluate 8 + 1 + -44 + (-15 - -40).
-10
What is the value of -11 - -37 - 35 - (-20 + 2)?
9
What is the value of 22 - (185 - 181 - (-1 - 2))?
15
15 + -27 + 2 + -11
-21
Calculate (15 - 26) + 4 + (12 - 3) + -2.
0
What is -36 - (1 + -29) - -41?
33
What is 7 - (-6 + 9 + -1 + (4 - -16))?
-15
Evaluate 4 + (-5 + 14 - 16) - 5.
-8
Calculate -3 + (-8